) = 5*s**3 + 12*s**2 - 66*s + 42. Is f(13) a composite number?
False
Let j = 30 - 30. Suppose j = -6*h + 1788 - 270. Is h a prime number?
False
Let w(g) = 6*g**2 + 2*g - 1 - 4*g + 4*g**2. Is w(-1) composite?
False
Let w = 56 - -134. Suppose w = 4*u + u. Is u a prime number?
False
Let t = -16587 + 36128. Is t composite?
False
Suppose 45 = 10*g - 125. Is (-1 + 0)*(-6307)/g a prime number?
False
Let d = -19 - -22. Suppose j + d*j = 188. Is j a prime number?
True
Suppose 33*k - 29*k - 3204 = 0. Suppose -g + n + 821 = 0, -g + n = 5*n - k. Is g a prime number?
False
Let n be (-3)/(-12) + (275/20)/5. Let q(z) = z**2 + 1. Let m(u) = -49*u**2 + 4*u. Let k(t) = -m(t) + 4*q(t). Is k(n) a prime number?
False
Let w = 431 + -2490. Let v = w + 3950. Is v a composite number?
True
Is 2*4*257031/72 prime?
True
Let a(h) = 4*h + 1 - 3*h + 3*h**2 + 1. Let m be a(-2). Is 627/m - (-6)/8 a composite number?
False
Suppose f - 17959 = -1704. Is f a composite number?
True
Let x = 8967 + 904. Is x a composite number?
False
Let x(r) = -r**3 + 2*r + 139. Let o be -5 - -1 - 4*-1. Is x(o) composite?
False
Suppose 2886 + 271 = 7*g. Is g a prime number?
False
Suppose 0 = 12*x - 9*x - 15. Let g = x - 4. Let c(r) = 34*r**2 + r - 1. Is c(g) composite?
True
Let n(q) be the second derivative of -19*q**5/60 + 7*q**4/24 + 2*q**3/3 - 8*q. Let a(k) be the second derivative of n(k). Is a(-4) a prime number?
False
Suppose -l = -0 + 18. Let t = 23 + l. Suppose 0*i + 2232 = 3*i - 5*s, 0 = -3*i - t*s + 2262. Is i composite?
True
Suppose 41*q - 48*q = -7819. Is q a prime number?
True
Let z(c) = -17*c + 138. Is z(-8) prime?
False
Suppose -j + 2*u = -2, 5*j - 2*u - 3*u = 5. Suppose 2*m - 5*m - 3*p - 24 = j, -19 = -2*m + 5*p. Is ((-11)/m)/((-3)/(-18)) a prime number?
False
Is -8 - -5 - (-4 - 43858) prime?
False
Is -5536*8/(-14) + 42/(-98) composite?
False
Let s be (2/(-4))/(2/(-24)). Suppose j + 5*h = 393, -h + 1572 = 4*j - 0*h. Suppose s*v - j = 3*v. Is v prime?
True
Let k(v) = 48*v**2 + 2*v + 5. Let t be k(-10). Let d be 8*(t/20 + -4). Let n = d - 1111. Is n prime?
False
Let o = -6763 + 3591. Let d = o + 4865. Is d prime?
True
Let q = -37 + 34. Let a(o) = 30*o**2 + 3*o - 2. Is a(q) a prime number?
False
Let c(j) be the second derivative of -22*j**3 - 47*j**2/2 + 13*j. Is c(-8) a composite number?
False
Suppose 0 = -x - 3*y + 14 - 3, -16 = -2*x - 3*y. Suppose -5*n + x*d = -1135, 6*d - 2*d = n - 215. Suppose -4*w + 5*w = 0, 3*h - 4*w = n. Is h prime?
False
Let c be 5 - (-1 - ((-18)/3)/2). Suppose 1960 = c*o - 5441. Is o a prime number?
True
Let w be (-6)/(-3) + 0 + 1. Suppose -n + 863 = 4*o, 8*n - w*n = 4*o - 893. Is o a prime number?
False
Let q(x) = 3*x**2 - 51*x - 2. Let z(o) = o**2 - 17*o - 1. Let w(u) = -6*q(u) + 17*z(u). Is w(7) a composite number?
True
Let b be (12/(-18))/(2/(-57)). Let m = -11 + b. Suppose m*d = 13*d - 110. Is d prime?
False
Let k be -4 - (-169 + (-5 - -8)). Let s = k - 107. Is s a composite number?
True
Let q(f) = f**3 + 25*f**2 - 10*f + 45. Is q(-13) composite?
False
Let d(j) = -11*j**2 - 6 + 2 + 228*j**2. Let z(o) = -o**3 + 5*o**2 + 14*o - 3. Let c be z(7). Is d(c) prime?
True
Let u be (125/20 + -5)/(1/4). Suppose u*j = 10*j - 265. Is j prime?
True
Suppose 20*p = 14*p - 3186. Let x = p + 1162. Is x composite?
False
Let q be (-200)/(-60)*(-9)/(-5). Let p(j) be the third derivative of j**5/15 + j**4/8 - 13*j**3/6 - 5*j**2. Is p(q) prime?
True
Let z = 2035 - 1368. Is z a composite number?
True
Let p(z) = -3*z**2 + 11*z - 3. Let d be p(3). Suppose -632 = -4*k + d*s, -2*k + 4*k - 3*s = 316. Is k prime?
False
Suppose 3*r - 11*r + 40024 = 0. Is r a composite number?
False
Suppose 165 - 1691 = 2*o. Let b = 1640 + o. Is b composite?
False
Suppose 7*t - 2*t - 250 = 0. Let s = t + 128. Is s a prime number?
False
Let x = 68 + 113. Is x a prime number?
True
Let m(q) be the third derivative of -q**5/60 - q**4/4 + 5*q**3/6 + q**2. Let d be m(-7). Is ((-26)/(-8))/(d/(-40)) composite?
True
Let v = 47599 + -2982. Is v a prime number?
True
Suppose 2*n + 4*z = 76630, 5*n + 0*n = 5*z + 191635. Is n prime?
False
Let v be (-15)/30 - 5/(-2). Suppose v*z - 3*z = -9. Let p = 17 + z. Is p a composite number?
True
Suppose 4*h + 3595 = -4*r + 1327, 0 = -3*r - 2*h - 1706. Let y = 1059 + r. Is y a composite number?
False
Let o = -5 - -8. Let l(i) = 124*i + 7. Is l(o) prime?
True
Suppose 3*u = 5*j - 2368, 4*u = -3*j - 633 - 2476. Let i = -264 - u. Is i prime?
False
Let b(r) = 4771*r - 534. Is b(7) a composite number?
True
Suppose -1691 = -g - 3*u, -4*u = -4*g + 3956 + 2888. Is g a prime number?
False
Let t = 9620 - 4677. Is t a composite number?
False
Let y(r) = -r. Let n(x) = 32*x - 1. Let p be (1/(-2))/(2/(-4)). Let b(z) = p*n(z) - 6*y(z). Is b(1) a composite number?
False
Is -2*((-2278534)/84 + (-6)/63) a composite number?
False
Suppose 2*t - n - 8 = -0*t, -4*n = -t - 3. Suppose -3*l + 9 = 2*z + 1, -t = z - 3*l. Is z*(-4 - -2) - -48 composite?
True
Is -1 - ((-540)/(-25))/(12/(-640)) composite?
False
Let g(b) = -3*b**3 + 16*b**2 + 9*b - 24. Let l be g(-10). Is (-8)/(-20) - l/(-10) prime?
True
Let s(h) = -h**3 - 9*h**2 + h + 13. Let j = 43 - 24. Let x = j + -28. Is s(x) prime?
False
Let v(l) = -l**3 + 5*l**2 - 3*l + 6. Let d be v(5). Is (-8)/(-12) - 9597/d a prime number?
False
Let u(t) = -275*t + 7. Let k be u(-5). Suppose -k = 7*o - 9*o. Is o prime?
True
Let l(m) = 860*m - 119. Is l(8) composite?
False
Suppose 0 = 8*a - 0*a - 16. Is (-1213)/(-2)*(0 + a) prime?
True
Let i be 2/(-11) + 24/132. Suppose 2*k - 26 - 2 = i. Is k a composite number?
True
Suppose 2*c + 5*j - 2809 = 0, 5*c + 3*j = 9*c - 5579. Is c a prime number?
False
Let d = 2 + 4. Let i be 756/(-8)*(-8)/d. Suppose -3*w + 7*w = 2*n + 268, 3*n + i = 2*w. Is w composite?
True
Suppose 4*w = 3*s + 165 - 718, -s - 4*w = -179. Suppose -3*l + 1698 - s = 0. Is l a prime number?
False
Let l(h) = 8*h + 7. Let d(k) = k**2. Let u(t) = 2*d(t) - l(t). Let j be -2*(2 - (-12)/(-2)). Is u(j) a composite number?
True
Suppose 4*d + 2*r = -r + 8, 3*d + r = 11. Let k be 878 - (8/4 - d). Suppose -k = -3*v + 4*c, -5*c + 281 = 3*v - 2*v. Is v prime?
False
Let x be (1*-8)/((-1040)/1035 - -1). Suppose -x = -5*z + 854. Is z a composite number?
True
Suppose 4*l - 85 = 23. Let t = 29 - l. Suppose k - t*k + 5*h = -201, -5*k = 2*h - 1059. Is k a prime number?
True
Suppose 5*z = 2*d - 4*d + 340, -4*d - 310 = -5*z. Suppose 26*h - z = 23*h. Is h a composite number?
True
Suppose -5*v - 34729 - 32064 = -3*r, 4*r - 3*v - 89072 = 0. Is r prime?
True
Suppose 3*a + 8 = k - a, 3*k - 68 = a. Let d be 3/4 + (-1026)/k. Let p = 151 + d. Is p composite?
False
Let c(l) = l**3 - 3*l**2 - 2*l. Let j be c(4). Suppose -5 + j = -n. Is 2/n - 2338/(-6) a composite number?
False
Suppose -4*q + 792 = -2*q. Suppose 3*d + q = 2337. Is d a prime number?
True
Suppose 3*y = -2*g + 7, -4*g + 8*g + 19 = 5*y. Suppose -y*t + 299 = -262. Is t composite?
True
Suppose -2*q + 4*o - 116 = 0, -q + 175 = -4*q + 5*o. Is 8/q + (-48407)/(-15) prime?
False
Let d(c) = 367*c**2 + 4*c + 11. Is d(-10) composite?
False
Suppose -3*i = 5*y + 551, -4*i + y - 696 = -2*y. Let x be (0 + 1)*(2 + 332). Let v = x + i. Is v a prime number?
True
Let f(k) be the second derivative of -143*k**5/20 - k**4/6 - k**3/3 + k**2/2 + 10*k. Is f(-2) composite?
True
Suppose -457 = 2*c - 1347. Is c a composite number?
True
Suppose 2*h + 4*x = 11731 + 963, -4*h + 5*x = -25362. Is h a prime number?
True
Let d = -4544 - -9405. Suppose d = -5*g + 6*g. Is g a composite number?
False
Let f(z) = 947*z - 24. Is f(5) a composite number?
True
Let q = 3 + 22. Suppose q - 1 = d + 5*y, -5*d = -5*y - 180. Is d a prime number?
False
Let d = 161 - 165. Is (2/4)/(d + 7473/1868) prime?
False
Let n = -27731 + 43988. Is n a composite number?
True
Suppose 28*g + 1768 = -500. Suppose 3*u - 2513 + 593 = 0. Let h = u + g. Is h prime?
False
Let u(s) = -2*s - 2. Let o(n) = -n**2 - 7*n - 1. Let m be o(-7). Let p be u(m). Suppose p = 4*g + d - 1051, 138 = g - 4*d - 129. Is g composite?
False
Let n be (-4)/22 + 18/(-22). Let d be 1/n - (-18)/(-2). Let m(s) = s**2 - 6*s - 3. Is m(d) a prime number?
True
Suppose 6555 + 285 = 4*t + q, 5*t = 2*q + 8563. Is t prime?
False
Let n(w) be the second derivative of -w**5/5 - 7*w**4/12 + 2*w**3 + 7*w**2 - 16*w. Is n(-7) a prim